ppose -5843 - 2764 = -19*w. What are the prime factors of w?
3, 151
Let x = -76 + 88. Suppose 17*k = x*k + 405. Let b = k - -45. List the prime factors of b.
2, 3, 7
Suppose 2*y + 3*i = 58564, 2*y + 87831 = 5*y + 2*i. List the prime factors of y.
73, 401
Let o = 18787 - 10117. List the prime factors of o.
2, 3, 5, 17
Suppose -565 = 8*n - 9*n. Suppose 1 = -h + 2, -4*p = h - n. List the prime factors of p.
3, 47
Let v be ((-9)/9)/(2/(-654)). What are the prime factors of (1/(-3))/((-3)/24)*v?
2, 109
Suppose -23 = 5*v + 22. Let f be (-5124)/(-18) - 3/v. Let j = f - 158. What are the prime factors of j?
127
Suppose 390 = -0*i - 13*i. Let g(v) = -10*v + 7. Let w be g(-5). Let b = w + i. List the prime factors of b.
3
Let u be (1/(-2))/(41/(-328)). Suppose x = u*d - 558, 2*x - x = d - 141. What are the prime factors of d?
139
What are the prime factors of 95/(-19)*(5 - (-75564)/(-20))?
2, 9433
Suppose 119*m - 678347 - 34654 - 812698 = 0. What are the prime factors of m?
12821
Let u(q) = -3*q + 85. Let t be u(28). List the prime factors of 6 + 2 - (0 + t).
7
Let j = 1333 + -16. Suppose -13*n - j = -7648. List the prime factors of n.
487
Suppose -17*d + 19*d = -t + 15, 0 = -4*t + 3*d + 71. Suppose -68 + 214 = r. Suppose 16*x + r = t*x. What are the prime factors of x?
2, 73
Let z(a) = 19*a**2 + 30*a - 388. Suppose -2*m - 32 = x - 5*x, -3*m - 39 = -5*x. What are the prime factors of z(x)?
7, 29
Suppose -2*i + 2*b = -65848, 2*b - 4 = 6*b. List the prime factors of i.
11, 41, 73
What are the prime factors of (48/32)/(14/7840)?
2, 3, 5, 7
Suppose -i - 96273 = -4*s, -4*s + 15*i + 96252 = 11*i. List the prime factors of s.
2, 5, 29, 83
Let y(o) = o + 9562. Let z be y(0). Suppose 0 = 17*s - 3*s - z. What are the prime factors of s?
683
Suppose 0*s + 1084642 = 100*s - 1641158. List the prime factors of s.
2, 3, 7, 11, 59
Let g = -55 - -68. Suppose -4*x - g = -3*i, 5*x = -i + 4*i - 17. Let r(q) = -116*q**3 + q**2 + 3*q + 2. List the prime factors of r(i).
2, 29
Suppose 105761 = 12*x + 13*x - 170289. What are the prime factors of x?
2, 5521
Let w(f) = -785*f - 250. List the prime factors of w(-6).
2, 5, 223
Let n be -1 + (4 - (5 + 2) - -6). List the prime factors of ((-247)/(-38))/(n/36).
3, 13
Let w(t) = 403*t + 2571. What are the prime factors of w(17)?
2, 7, 673
Suppose c + 109 - 1756 = 0. Let x = 2393 - c. List the prime factors of x.
2, 373
Suppose 13*g - 5*u = 8*g + 170, -3*g + 2*u + 100 = 0. What are the prime factors of (-7648)/(-12)*48/g?
2, 239
Suppose 4*h + 27816 = 10*l - 6*l, 2*l - 13908 = -3*h. Suppose -13*o + 3862 = -l. List the prime factors of o.
2, 13
Let m be (-2 - (-6)/4)*890/89. What are the prime factors of (3935/(-10))/(m/10)?
787
Let y be (-6)/(4/(-148)*1). Suppose -n = 5, 0 = -4*c + 5*n + 619 + y. Suppose -225 = -5*t - h, h = -4*t + c - 23. List the prime factors of t.
2, 11
Let r(m) = -3*m**2 - 2*m + 2. Let k be r(-2). Let n be 30/(-3) - (k + 4). What are the prime factors of 68/n*(-10)/1?
5, 17
Let g(l) = -13*l - 11. Let n be g(-10). Suppose n = -4*m - 121. Let i = m + 85. What are the prime factors of i?
5
Suppose -4*y + 565 + 67 = 0. Let m(l) = -24*l + 76. Let f be m(6). Let k = y + f. What are the prime factors of k?
2, 3, 5
Suppose -2640 - 451 = -t. Let h = -2112 + t. List the prime factors of h.
11, 89
Suppose -r + 48*b + 3937 = 46*b, -3*r + 11888 = 5*b. What are the prime factors of r?
3, 439
Let o = 1724 - 1534. What are the prime factors of o?
2, 5, 19
Suppose 5 = -9*r + 10*r. Suppose -r*o = a - 2 - 1, -5*o = 4*a - 12. Suppose o = -j - 1 + 53. What are the prime factors of j?
2, 13
Let w = 9383 - 32. List the prime factors of w.
3, 1039
Let f be 5402 - (-15)/(-45)*(-36)/(-3). Suppose 2*t = 4*c + 670 + 2922, -4*c = -3*t + f. What are the prime factors of t?
2, 3, 7, 43
Suppose 0*a = -2*q - 2*a + 6, 5*a + 3 = q. List the prime factors of 313 + 16 + q + 2.
2, 167
List the prime factors of ((-52)/39 - 0)*12951/(-2).
2, 3, 1439
Let i be ((-15)/(-10))/(2/((-24)/(-2))). What are the prime factors of (1405/(-15))/(-2 + 17/i)?
3, 281
Suppose -55*n + 225*n - 58990 = 0. What are the prime factors of n?
347
Let t(y) = -y**3 + 24*y**2 + 20*y + 32. Let d be t(25). Let v = d - -365. What are the prime factors of v?
2, 17
Let x = 3 - -7. Suppose -u = -15 + x. Suppose -o = -5*o - 3*l + 251, 0 = -4*o + u*l + 211. List the prime factors of o.
59
Let n(a) = -3*a**2 - 440*a + 13. What are the prime factors of n(-24)?
5, 29, 61
Let z be 38/(-9) - 4/(-18). Let m = -5014 + 5018. What are the prime factors of -1 - z - 71/(-2)*m?
5, 29
Let o(c) = 3*c + 2. Let v be o(2). Let j(q) be the first derivative of 11*q**2/2 - q + 649. What are the prime factors of j(v)?
3, 29
Let u(x) = x**3 + 18*x**2 - 57*x - 22. List the prime factors of u(-16).
2, 701
Let b = 1139 - -306. Suppose 0 = 7*k + b - 5197. What are the prime factors of k?
2, 67
Let t(x) = 17*x**2 + 18*x - 25. Let c be t(-11). Suppose -5*v - 5*q - 504 = -c, -q - 266 = -v. List the prime factors of v.
2, 7, 19
Let t(i) = 116*i + 35. Let x be t(14). What are the prime factors of (-158)/x + (-17266)/(-42)?
3, 137
Suppose 40 = -3*k - k. Let m be ((-54)/15 - -2)*(0 - k). List the prime factors of 4/(m/4) + 13.
2, 3
Suppose 6*y - 395 = -347. Suppose y*p + 8*p - 16640 = 0. List the prime factors of p.
2, 5, 13
Let l(a) = -a**3 - a**2 - 2*a + 263. Let v(w) = w**3 - 6*w**2 + 8*w - 3. Let s be v(3). Let c be 0/(3 + s - -5). What are the prime factors of l(c)?
263
Let u(j) = -3941*j + 1424. List the prime factors of u(-5).
3, 7043
Let i be ((-13)/(-13))/(0 + (-2)/(-262)). Suppose 0 = -2*o + x + 113, -2*o = -2*x + 7*x - i. List the prime factors of o.
2, 29
Let f = -5279 - -8761. List the prime factors of f.
2, 1741
Let m(s) be the second derivative of s**3 + 145*s**2/2 - 3*s + 32. List the prime factors of m(-14).
61
Let k be 22/(-33)*(-6)/(-4). Let a be 0/k + -4 - -16. Suppose o = a + 14. List the prime factors of o.
2, 13
Suppose 5*y + 400 = -5*z, -3*z = -8*z - 3*y - 400. What are the prime factors of z/30*2/(8/(-66))?
2, 11
Let o be (-1)/((8/(-130))/4). Suppose -3*r - 557 + 370 = -4*g, 0 = -5*r + 2*g - 293. Let l = o + r. List the prime factors of l.
2
Let q be 803/33 - (-8)/(-6). Let g be (2 + -1 + q)/((-4)/(-96)). Suppose 3*y + 5*h = -0*y + 340, -h = -5*y + g. List the prime factors of y.
5, 23
Suppose 70*k = l + 75*k - 20, 16 = 4*k. Let z = -140 - -419. Suppose 8*s - 553 - z = l. List the prime factors of s.
2, 13
Let b(v) = 2*v**2 - 19*v + 1. Let r be b(30). Let j = r - 115. List the prime factors of j.
2, 3, 31
Suppose -129*h - 218403 + 1302261 = 0. What are the prime factors of h?
2, 4201
Let r(h) = -845*h - 625. Let c(n) = 16*n + 12. Let f(z) = 105*c(z) + 2*r(z). Let o = 7 - 16. What are the prime factors of f(o)?
2, 5
Suppose -37*y + 13028 = -7063. Let c = y - 136. List the prime factors of c.
11, 37
Let u(g) = 24*g**2 + 21*g - 170. List the prime factors of u(-17).
13, 17, 29
Suppose 0 = 3*d - 76 - 338. Suppose -139 = 2*k - 143. Suppose 4*i = n - d, -k*i + 732 = 5*n - i. What are the prime factors of n?
2, 73
Let h(v) = 2966*v**2 + 10*v + 3. List the prime factors of h(-1).
11, 269
Let q = -3247 - -5172. What are the prime factors of q?
5, 7, 11
Let y(c) be the second derivative of -2*c**3/3 + 29*c**2/2 - 2*c. Let g = 82 - 100. What are the prime factors of y(g)?
101
Suppose 25*s - 27*s = 5*t - 45911, -2*t = s - 22956. What are the prime factors of s?
2, 13, 883
Suppose -4*k - 4*p = -0*k + 8, -2*p - 16 = -4*k. List the prime factors of (-393)/(-6)*k + 6.
137
Suppose -5*a - 145 = 2*t, 2*t = 3*a + t + 87. Let m = a + 29. Suppose 5*r - h = r + 425, m = 5*r + 5*h - 550. What are the prime factors of r?
107
Let a be 1 - (604/8)/(5/(-20)). Let u = -202 + a. Let x = 39 + u. What are the prime factors of x?
2, 5, 7
Suppose -3*a + 13288 = 10333. What are the prime factors of a?
5, 197
Suppose 100*x - 5931 = -v + 102*x, 3*x - 23746 = -4*v. List the prime factors of v.
5, 1187
Let b(r) = -581 - 577 + 1148 + r**2. Let d(h) = -h**2 - 6*h - 2. Let y be d(-3). What are the prime factors of b(y)?
3, 13
Suppose 99 = -7*g + 442. Suppose 1528 = -53*z + g*z. Let b = z - -562. List the prime factors of b.
2, 3, 5
Let m = 5828 + 2860. What are the prime factors of m?
2, 3, 181
Suppose 3*t + 0*t - 4*w = 22, -2*w = 2.